ivide 7722?
True
Is 14081574 a multiple of 173?
False
Is 2 a factor of 837527?
False
Is 701429 a multiple of 2?
False
Is 34153 even?
False
Is 175 a factor of 1095675?
True
Is 96 a factor of 2604672?
True
Does 28 divide 145936?
True
Does 1780 divide 2032760?
True
Is 575925 a multiple of 15?
True
Is 14256 a multiple of 81?
True
Is 29952 a multiple of 312?
True
Is 63 a factor of 178164?
True
Does 6 divide 16014?
True
Is 17 a factor of 8799?
False
Is 4 a factor of 722970?
False
Is 176 a factor of 2333936?
True
Is 13 a factor of 302159?
True
Is 63468 a multiple of 9?
True
Is 339277 a multiple of 157?
True
Is 8 a factor of 546616?
True
Is 22 a factor of 707586?
True
Does 337 divide 3824730?
False
Is 763 a factor of 572422?
False
Is 206961 a multiple of 149?
True
Is 142 a factor of 329558?
False
Does 270 divide 66690?
True
Does 24 divide 11524872?
True
Does 119 divide 5770?
False
Is 39 a factor of 12685644?
False
Is 100 a factor of 133300?
True
Does 37 divide 698634?
True
Is 172432 a multiple of 26?
True
Does 169 divide 94133?
True
Is 183246 a multiple of 20?
False
Is 85591 a multiple of 31?
True
Does 201 divide 5964675?
True
Is 7 a factor of 286659?
False
Is 117 a factor of 2983968?
True
Is 3491359 a multiple of 46?
False
Is 3260730 a multiple of 55?
True
Is 13 a factor of 5718844?
False
Is 807149 a multiple of 469?
True
Does 54 divide 27216?
True
Is 3551980 a multiple of 666?
False
Does 2 divide 145452?
True
Does 44 divide 237688?
True
Does 126 divide 45318?
False
Does 26 divide 439213?
False
Does 5 divide 231060?
True
Is 24573 a multiple of 108?
False
Is 3032489 a multiple of 12?
False
Is 2000 a factor of 12873761?
False
Is 684157 a multiple of 30?
False
Is 224664 a multiple of 1012?
True
Is 6982254 a multiple of 875?
False
Does 29 divide 333935?
True
Does 318 divide 1553552?
False
Does 11 divide 5628536?
False
Is 125 a factor of 3599750?
True
Does 23 divide 1278225?
True
Is 99590 a multiple of 46?
True
Is 39 a factor of 144221?
False
Is 21 a factor of 1190742?
True
Does 78 divide 882570?
True
Is 2150787 a multiple of 21?
False
Is 2301992 a multiple of 56?
True
Does 104 divide 1425528?
True
Does 11 divide 1526564?
False
Is 26 a factor of 405574?
True
Is 369 a factor of 30461462?
False
Is 70 a factor of 48375?
False
Is 6 a factor of 43775?
False
Is 21794 a multiple of 17?
True
Is 10 a factor of 930640?
True
Does 11 divide 639993?
False
Is 6 a factor of 52316?
False
Is 1881001 a multiple of 365?
False
Does 49 divide 125342?
True
Does 67 divide 3171579?
True
Does 280 divide 3110160?
False
Is 1220 a factor of 10183983?
False
Does 8 divide 78467?
False
Does 21 divide 178720?
False
Does 149 divide 143189?
True
Does 78 divide 225128?
False
Does 601 divide 2613098?
False
Is 196 a factor of 2484459?
False
Does 25 divide 5969925?
True
Does 132 divide 13430218?
False
Does 32 divide 278264?
False
Is 8 a factor of 3736104?
True
Is 10 a factor of 2446976?
False
Is 43 a factor of 29756?
True
Does 145 divide 262919?
False
Is 130834 a multiple of 19?
True
Is 130536 a multiple of 9?
True
Is 38 a factor of 283143?
False
Is 30 a factor of 106590?
True
Is 305978 a multiple of 618?
False
Does 82 divide 2598744?
True
Does 154 divide 546250?
False
Does 29 divide 28048275?
False
Is 195 a factor of 260715?
True
Does 18 divide 1614596?
False
Does 7 divide 6481610?
False
Is 152385 a multiple of 15?
True
Is 188 a factor of 9964?
True
Is 8 a factor of 133726?
False
Is 11 a factor of 584616?
False
Does 520 divide 1739800?
False
Is 261233 a multiple of 57?
False
Is 13 a factor of 54971?
False
Is 59290 a multiple of 70?
True
Is 27 a factor of 716202?
True
Is 138501 a multiple of 33?
True
Does 53 divide 532332?
True
Does 2 divide 25267?
False
Does 6 divide 109554?
True
Is 5095160 a multiple of 1052?
False
Is 7322107 a multiple of 403?
True
Is 63 a factor of 9680743?
False
Is 15 a factor of 6158?
False
Is 2804715 a multiple of 96?
False
Is 33 a factor of 757777?
False
Is 139145 a multiple of 206?
False
Does 8 divide 51036?
False
Is 69 a factor of 794920?
False
Is 4790624 a multiple of 566?
True
Does 71 divide 3296814?
True
Is 11 a factor of 6829092?
False
Is 73 a factor of 852348?
True
Is 4 a factor of 185916?
True
Does 182 divide 175812?
True
Does 833 divide 5609246?
False
Is 3148878 a multiple of 14?
False
Is 4 a factor of 76621?
False
Is 18258 a multiple of 73?
False
Is 238630 a multiple of 245?
True
Does 928 divide 4301855?
False
Is 7901388 a multiple of 972?
True
Does 8 divide 901710?
False
Is 358994 a multiple of 131?
False
Is 242 a factor of 10043968?
True
Is 16 a factor of 394032?
True
Is 5 a factor of 128900?
True
Does 5 divide 56680?
True
Is 532084 a multiple of 334?
False
Is 240979 a multiple of 397?
True
Does 40 divide 1531771?
False
Is 63 a factor of 84357?
True
Is 31067 a multiple of 47?
True
Is 566502 a multiple of 526?
True
Is 524 a factor of 1480824?
True
Is 9 a factor of 842?
False
Does 27 divide 174420?
True
Is 11 a factor of 44759?
True
Is 17227 a multiple of 16?
False
Is 7444080 a multiple of 294?
True
Does 13 divide 407731?
False
Does 7 divide 31403?
False
Is 65 a factor of 2059347?
False
Is 64 a factor of 6529281?
False
Does 10 divide 3409524?
False
Is 97026 a multiple of 121?
False
Does 63 divide 68103?
True
Is 14 a factor of 7538426?
True
Does 188 divide 2747244?
True
Is 182455 a multiple of 35?
True
Is 89604 a multiple of 6?
True
Does 2 divide 40242?
True
Does 68 divide 9040464?
True
Is 942 a factor of 4230522?
True
Is 157 a factor of 95862?
False
Is 13 a factor of 1012459?
False
Is 23 a factor of 2001?
True
Does 22 divide 210894?
False
Is 18 a factor of 701066?
False
Is 288840 a multiple of 4?
True
Is 369355 a multiple of 20?
False
Is 1859171 a multiple of 23?
False
Is 322 a factor of 671297?
False
Is 142570 a multiple of 64?
False
Is 33 a factor of 488571?
False
Does 155 divide 4050460?
True
Does 9 divide 440803?
False
Does 20 divide 92433?
False
Is 70 a factor of 145460?
True
Is 357968 a multiple of 13?
True
Does 84 divide 117012?
True
Does 406 divide 217620?
False
Is 96 a factor of 139776?
True
Is 163523 a multiple of 17?
True
Is 231044 a multiple of 5?
False
Does 639 divide 575739?
True
Does 9 divide 47241?
True
Is 3 a factor of 970221?
True
Does 249 divide 2789298?
True
Does 93 divide 1144498?
False
Is 338031 a multiple of 2?
False
Is 868392 a multiple of 21?
True
Does 59 divide 3916302?
True
Does 55 divide 7843495?
True
Is 11 a factor of 54468?
False
Is 18 a factor of 312168?
False
Is 102189 a multiple of 4?
False
Is 259 a factor of 491541?
False
Does 47 divide 229313?
True
Is 8007604 a multiple of 199?
False
Is 457 a factor of 91799?
False
Does 28 divide 255610?
False
Is 10 a factor of 1388870?
True
Is 4 a factor of 628?
True
Does 54 divide 378447?
False
Does 57 divide 1047717?
True
Does 181 divide 591830?
False
Is 2127935 a multiple of 155?
False
Is 106 a factor of 91902?
True
Does 89 divide 22161?
True
Is 30100 even?
True
Is 736 a factor of 19509523?
False
Does 167 divide 401301?
True
Is 1119 a factor of 967935?
True
Is 1664090 a multiple of 27?
False
Is 305 a factor of 10249830?
True
Is 447268 a multiple of 124?
True
Is 4 a factor of 4399984?
True
Does 153 divide 182070?
True
Is 26 a factor of 235230?
False
Is 521 a factor of 3430264?
True
Is 20 a factor of 938160?
True
Is 737334 a multiple of 207?
True
Is 92 a factor of 186576?
True
Does 96 divide 506496?
True
Does 231 divide 622744?
False
Is 316437 a multiple of 129?
True
Is 107894 a multiple of 54?
False
Does 491 divide 187562?
True
Is 24 a factor of 9221616?
True
Is 17 a factor of 2498830?
True
Does 30 divide 463560?
True
Is 4 a factor of 1701232?
True
Does 162 divide 220963?
False
Is 934589 a multiple of 10?
False
Is 20 a factor of 237421?
False
Is 172 a factor of 292572?
True
Is 37837 a multiple of 122?
False
Is 556 a factor of 1092264?
False
Does 51 divide 481620?
False
Is 43 a factor of 354750?
True
Is 235245 a multiple of 15?
True
Is 139255 a multiple of 212?
False
Is 5554236 a multiple of 1362?
True
Does 10 divide 758373?
False
Is 295 a factor of 79164?
False
Is 1298 a multiple of 10?
False
Does 3 divide 122144?
False
Does 12 divide 45546?
False
Is 189602 a multiple of 14?
True
Is 151 a factor of 2103581?
True
Does 324 divide 6325128?
True
Is 24 a factor of 424007?
False
Is 270576